{"id":1370,"date":"2026-03-09T15:40:12","date_gmt":"2026-03-09T18:40:12","guid":{"rendered":"https:\/\/ellencoestagios.com.br\/vagas\/?post_type=job_listing&#038;p=1370"},"modified":"2026-03-09T15:44:16","modified_gmt":"2026-03-09T18:44:16","slug":"clt-esteticista","status":"publish","type":"job_listing","link":"https:\/\/ellencoestagios.com.br\/vagas\/vaga\/clt-esteticista\/","title":{"rendered":"CLT &#8211; ESTETICISTA"},"content":{"rendered":"<p dir=\"ltr\">\ud83d\udce2 Oportunidade de Emprego \u2013 Esteticista<\/p>\n<p dir=\"ltr\">\ud83d\udccd Local: Santana &#8211; S\u00e3o Paulo<\/p>\n<p dir=\"ltr\">Sal\u00e1rio: R$ 2.646,00<br \/>\nBenef\u00edcios: Vale Alimenta\u00e7\u00e3o: R$ 450,00 + Premia\u00e7\u00e3o por desempenho + Vale Transporte<br \/>\nHor\u00e1rio: \u00a0Escala 6&#215;1 &#8211; Segunda a sexta: 11h40 \u00e0s 20h00 e S\u00e1bado: 09h40 \u00e0s 18h00 ou Segunda a s\u00e1bado: 07h40 \u00e0s 16h00<\/p>\n<p dir=\"ltr\">Atividades:<br \/>\nRealizar depila\u00e7\u00e3o a laser, avalia\u00e7\u00e3o e orienta\u00e7\u00e3o de clientes, registro de sess\u00f5es no sistema, acompanhamento dos agendamentos, organiza\u00e7\u00e3o da sala e controle de materiais.<\/p>\n<p>&nbsp;<\/p>\n<p dir=\"ltr\">Requisitos:<\/p>\n<p dir=\"ltr\">Cursos de est\u00e9tica, cosmetologia ou \u00e1reas correlatas;<\/p>\n<p dir=\"ltr\">Ser\u00e1 um diferencial experi\u00eancia com atendimento ao p\u00fablico, capta\u00e7\u00e3o de clientes e procedimentos est\u00e9ticos.<\/p>\n<p>&nbsp;<\/p>\n","protected":false},"author":7,"featured_media":0,"template":"","meta":{"_promoted":"","_job_location":"Santana- S\u00e3o Paulo","_application":"curriculos@ellencoestagios.com.br","_company_name":"","_company_website":"","_company_tagline":"","_company_twitter":"","_company_video":"","_filled":0,"_featured":0,"_remote_position":0,"_job_salary":"","_job_salary_currency":"","_job_salary_unit":""},"job-categories":[],"job-types":[],"class_list":["post-1370","job_listing","type-job_listing","status-publish","hentry"],"_links":{"self":[{"href":"https:\/\/ellencoestagios.com.br\/vagas\/wp-json\/wp\/v2\/job-listings\/1370","targetHints":{"allow":["GET"]}}],"collection":[{"href":"https:\/\/ellencoestagios.com.br\/vagas\/wp-json\/wp\/v2\/job-listings"}],"about":[{"href":"https:\/\/ellencoestagios.com.br\/vagas\/wp-json\/wp\/v2\/types\/job_listing"}],"author":[{"embeddable":true,"href":"https:\/\/ellencoestagios.com.br\/vagas\/wp-json\/wp\/v2\/users\/7"}],"wp:attachment":[{"href":"https:\/\/ellencoestagios.com.br\/vagas\/wp-json\/wp\/v2\/media?parent=1370"}],"wp:term":[{"taxonomy":"job_listing_category","embeddable":true,"href":"https:\/\/ellencoestagios.com.br\/vagas\/wp-json\/wp\/v2\/job-categories?post=1370"},{"taxonomy":"job_listing_type","embeddable":true,"href":"https:\/\/ellencoestagios.com.br\/vagas\/wp-json\/wp\/v2\/job-types?post=1370"}],"curies":[{"name":"wp","href":"https:\/\/api.w.org\/{rel}","templated":true}]}}

<p dir="ltr">📢 Oportunidade de Emprego – Esteticista</p>
<p dir="ltr">📍 Local: Santana &#8211; São Paulo</p>
<p dir="ltr">Salário: R$ 2.646,00<br />
Benefícios: Vale Alimentação: R$ 450,00 + Premiação por desempenho + Vale Transporte<br />
Horário:  Escala 6&#215;1 &#8211; Segunda a sexta: 11h40 às 20h00 e Sábado: 09h40 às 18h00 ou Segunda a sábado: 07h40 às 16h00</p>
<p dir="ltr">Atividades:<br />
Realizar depilação a laser, avaliação e orientação de clientes, registro de sessões no sistema, acompanhamento dos agendamentos, organização da sala e controle de materiais.</p>
<p>&nbsp;</p>
<p dir="ltr">Requisitos:</p>
<p dir="ltr">Cursos de estética, cosmetologia ou áreas correlatas;</p>
<p dir="ltr">Será um diferencial experiência com atendimento ao público, captação de clientes e procedimentos estéticos.</p>
<p>&nbsp;</p>

Santana- São Paulo
